976909?
167, 317227
What are the prime factors of 376506834?
2, 3, 11, 5704649
What are the prime factors of 105837730?
2, 5, 10583773
What are the prime factors of 371939378?
2, 67, 2775667
What are the prime factors of 850459563?
3, 73, 1294459
List the prime factors of 250730077.
13, 31, 622159
What are the prime factors of 38875357?
701, 55457
List the prime factors of 904092585.
3, 5, 11, 271, 20219
List the prime factors of 478899824.
2, 13, 2302403
What are the prime factors of 1200221714?
2, 103, 5826319
List the prime factors of 196449825.
3, 5, 11, 13, 1409
What are the prime factors of 242173738?
2, 17, 7122757
What are the prime factors of 111796593?
3, 887, 42013
What are the prime factors of 1058251005?
3, 5, 7, 3359527
What are the prime factors of 4479144139?
17, 263479067
What are the prime factors of 217200693?
3, 37, 1956763
What are the prime factors of 957670300?
2, 5, 19, 59, 8543
List the prime factors of 11058391.
11058391
List the prime factors of 67433702.
2, 7, 53, 12983
What are the prime factors of 1185082003?
7, 19, 1272913
What are the prime factors of 2874982060?
2, 5, 23, 67, 93283
What are the prime factors of 30206505?
3, 5, 7, 287681
List the prime factors of 3537990357.
3, 11, 37, 167, 17351
List the prime factors of 461468236.
2, 115367059
What are the prime factors of 308417492?
2, 131, 4493
List the prime factors of 182499148.
2, 13, 17, 206447
What are the prime factors of 346650617?
61, 5682797
What are the prime factors of 459483801?
3, 7, 29, 754489
List the prime factors of 281291230.
2, 5, 11, 107, 23899
What are the prime factors of 41269314?
2, 3, 23, 299053
List the prime factors of 380704362.
2, 3, 63450727
What are the prime factors of 271430907?
3, 11, 61, 134839
What are the prime factors of 1296477198?
2, 3, 19, 571, 2213
What are the prime factors of 49916403?
3, 17, 326251
What are the prime factors of 1197385807?
1197385807
What are the prime factors of 1027860750?
2, 3, 5, 7, 9323
What are the prime factors of 883496118?
2, 3, 223, 317, 2083
What are the prime factors of 4956829?
4956829
List the prime factors of 77440290.
2, 3, 5, 613, 4211
What are the prime factors of 15735758?
2, 7867879
What are the prime factors of 134460963?
3, 7, 13, 73, 173
What are the prime factors of 423884320?
2, 5, 59, 83, 541
What are the prime factors of 526779447?
3, 3467, 50647
List the prime factors of 1875694933.
7, 267956419
What are the prime factors of 1472742279?
3, 23, 71, 100207
List the prime factors of 864885855.
3, 5, 57659057
List the prime factors of 99705414.
2, 3, 23, 127, 5689
List the prime factors of 70827488.
2, 23, 96233
List the prime factors of 90378544.
2, 5648659
List the prime factors of 14303890.
2, 5, 61, 131, 179
What are the prime factors of 803159858?
2, 401579929
What are the prime factors of 23838967?
181, 131707
What are the prime factors of 1225387251?
3, 11, 17, 31, 7829
What are the prime factors of 120114706?
2, 113, 531481
List the prime factors of 1922104865.
5, 10709, 35897
What are the prime factors of 365118913?
365118913
What are the prime factors of 837980925?
3, 5, 127, 87977
What are the prime factors of 375112993?
37, 397, 25537
What are the prime factors of 248798089?
73, 113, 30161
List the prime factors of 3753949505.
5, 2753, 272717
List the prime factors of 1931349845.
5, 386269969
What are the prime factors of 405246027?
3, 523, 258283
List the prime factors of 478289506.
2, 239144753
What are the prime factors of 46743450?
2, 3, 5, 13, 23971
What are the prime factors of 253272640?
2, 5, 89, 8893
What are the prime factors of 41999778?
2, 3, 2333321
List the prime factors of 28073113.
28073113
What are the prime factors of 91689709?
91689709
List the prime factors of 930244886.
2, 43, 131, 82571
List the prime factors of 281679377.
7, 40239911
What are the prime factors of 48617925?
3, 5, 648239
List the prime factors of 32177970.
2, 3, 5, 11, 32503
What are the prime factors of 370365576?
2, 3, 7, 2204557
What are the prime factors of 4702567567?
4702567567
List the prime factors of 1593931735.
5, 11, 28980577
List the prime factors of 66605366.
2, 43, 157, 4933
What are the prime factors of 8876165?
5, 163, 10891
What are the prime factors of 5299083025?
5, 283, 748987
List the prime factors of 105875033.
11, 9625003
List the prime factors of 268138823.
268138823
List the prime factors of 157585461.
3, 11, 17, 257, 1093
What are the prime factors of 1248488061?
3, 416162687
List the prime factors of 62698916.
2, 7, 2239247
List the prime factors of 22229091.
3, 2469899
What are the prime factors of 180446253?
3, 13, 4626827
List the prime factors of 1878688592.
2, 11, 353, 2749
What are the prime factors of 31667423?
31667423
What are the prime factors of 568997211?
3, 37, 127, 181, 223
What are the prime factors of 242794067?
242794067
List the prime factors of 148353963.
3, 131, 377491
What are the prime factors of 54188162?
2, 7, 151, 25633
What are the prime factors of 1853929866?
2, 3, 17, 18175783
List the prime factors of 4503727411.
4503727411
What are the prime factors of 171779078?
2, 47, 89, 20533
List the prime factors of 73155144.
2, 3, 139, 21929
What are the prime factors of 1594730926?
2, 733, 1087811
List the prime factors of 54649101.
3, 13, 17, 139, 593
What are the prime factors of 623228703?
3, 37, 5614673
What are the prime factors of 965518374?
2, 3, 31, 67, 77477
List the prime factors of 160853721.
3, 7, 131, 8353
List the prime factors of 3549045830.
2, 5, 11, 3019, 10687
List the prime factors of 1409564893.
11, 311, 412033
What are the prime factors of 200883299?
200883299
What are the prime factors of 628555839?
3, 209518613
What are the prime factors of 292243722?
2, 3, 48707287
List the prime factors of 141374851.
101, 1399751
What are the prime factors of 51663318?
2, 3, 7, 19, 101, 641
List the prime factors of 1009846240.
2, 5, 13, 17, 28559
What are the prime factors of 519122627?
23, 61, 370009
List the prime factors of 13108610.
2, 5, 73, 17957
List the prime factors of 98396253.
3, 10932917
What are the prime factors of 3796455592?
2, 5179, 91631
What are the prime factors of 45518699?
19, 2395721
List the prime factors of 69563060.
2, 5, 7, 41, 12119
List the prime factors of 58101401.
58101401
What are the prime factors of 13563721?
23, 241, 2447
What are the prime factors of 1027277501?
1027277501
List the prime factors of 3091652851.
7, 29, 15229817
List the prime factors of 24623734.
2, 19, 31, 20903
List the prime factors of 196987894.
2, 29, 761, 4463
List the prime factors of 222280106.
2, 31, 41, 87443
List the prime factors of 1566524687.
7, 13, 17, 23, 44027
List the prime factors of 22641357.
3, 47, 103, 1559
List the prime factors of 3523957175.
5, 41, 3438007
What are the prime factors of 164542621?
23, 7154027
List the prime factors of 3422116543.
19, 180111397
What are the prime factors of 120256739?
120256739
What are the prime factors of 31228727?
47, 664441
List the prime factors of 111953319.
3, 37317773
List the prime factors of 34242449.
34242449
What are the prime factors of 51685028?
2, 157, 82301
What are the prime factors of 4444879085?
5, 41, 21682337
What are the prime factors of 308485467?
3, 1181, 29023
What are the prime factors of 26363511?
3, 1291, 2269
List the prime factors of 489677874.
2, 3, 7, 1665571
List the prime factors of 441385664.
2, 41, 168211
What are the prime factors of 101780890?
2, 5, 10178089
List the prime factors of 442031126.
2, 221015563
What are the prime factors of 2091354165?
3, 5, 46474537
What are the prime factors of 81485468?
2, 20371367
What are the prime factors of 4974206503?
7, 43, 16525603
List the prime factors of 1785331.
1785331
What are the prime factors of 757199847?
3, 479, 526931
List the prime factors of 2093781102.
2, 3, 7, 49851931
What are the prime factors of 5599233813?
3, 53, 2297, 15331
List the prime factors of 114510165.
3, 5, 7, 11, 9013
What are the prime factors of 1192759065?
3, 5, 4463, 5939
List the prime factors of 158377571.
11, 14397961
What are the prime factors of 5546919744?
2, 3, 3210023
List the prime factors of 137254604.
2, 34313651
List the prime factors of 3647704847.
3647704847
What are the prime factor